{"id":12524,"date":"2023-01-07T15:50:26","date_gmt":"2023-01-07T18:50:26","guid":{"rendered":"https:\/\/www.alfatecdigital.com.br\/site\/?page_id=12524"},"modified":"2026-01-22T14:08:28","modified_gmt":"2026-01-22T17:08:28","slug":"contato","status":"publish","type":"page","link":"https:\/\/www.alfatecdigital.com.br\/site\/contato\/","title":{"rendered":"Contato"},"content":{"rendered":"\t\t<div data-elementor-type=\"wp-page\" data-elementor-id=\"12524\" class=\"elementor elementor-12524\">\n\t\t\t\t\t\t\t\t\t<section class=\"elementor-section elementor-top-section elementor-element elementor-element-64cb2eb elementor-section-stretched slider-dock elementor-section-full_width elementor-section-height-default elementor-section-height-default\" data-id=\"64cb2eb\" data-element_type=\"section\" data-settings=\"{&quot;stretch_section&quot;:&quot;section-stretched&quot;}\">\n\t\t\t\t\t\t<div class=\"elementor-container elementor-column-gap-default\">\n\t\t\t\t\t<div class=\"elementor-column elementor-col-100 elementor-top-column elementor-element elementor-element-696d747\" data-id=\"696d747\" data-element_type=\"column\">\n\t\t\t<div class=\"elementor-widget-wrap elementor-element-populated\">\n\t\t\t\t\t\t\t\t<div class=\"elementor-element elementor-element-53be44e elementor-widget elementor-widget-slider_revolution\" data-id=\"53be44e\" data-element_type=\"widget\" data-widget_type=\"slider_revolution.default\">\n\t\t\t\t<div class=\"elementor-widget-container\">\n\t\t\t\n\t\t<div class=\"wp-block-themepunch-revslider\">\n\t\t\t<!-- START CONTATO PAGE REVOLUTION SLIDER 6.7.20 --><p class=\"rs-p-wp-fix\"><\/p>\n\t\t\t<rs-module-wrap id=\"rev_slider_3_1_wrapper\" data-source=\"gallery\" style=\"visibility:hidden;background:transparent;padding:0;margin:0px auto;margin-top:0;margin-bottom:0;\">\n\t\t\t\t<rs-module id=\"rev_slider_3_1\" style=\"\" data-version=\"6.7.20\">\n\t\t\t\t\t<rs-slides style=\"overflow: hidden; position: absolute;\">\n\t\t\t\t\t\t<rs-slide style=\"position: absolute;\" data-key=\"rs-3\" data-title=\"Slide\" data-anim=\"adpr:false;\" data-in=\"o:0;\" data-out=\"a:false;\">\n\t\t\t\t\t\t\t<img decoding=\"async\" src=\"\/\/www.alfatecdigital.com.br\/site\/wp-content\/plugins\/revslider\/sr6\/assets\/assets\/dummy.png\" alt=\"Slide\" title=\"Contato\" class=\"rev-slidebg tp-rs-img rs-lazyload\" data-lazyload=\"\/\/www.alfatecdigital.com.br\/site\/wp-content\/plugins\/revslider\/sr6\/assets\/assets\/transparent.png\" data-no-retina>\n<!--\n\t\t\t\t\t\t\t--><rs-layer\n\t\t\t\t\t\t\t\tid=\"slider-3-slide-3-layer-0\" \n\t\t\t\t\t\t\t\tdata-type=\"shape\"\n\t\t\t\t\t\t\t\tdata-rsp_ch=\"on\"\n\t\t\t\t\t\t\t\tdata-xy=\"x:c;y:m;\"\n\t\t\t\t\t\t\t\tdata-text=\"w:normal;s:20,20,20,4;l:0,0,0,6;\"\n\t\t\t\t\t\t\t\tdata-dim=\"w:100%;h:100%;\"\n\t\t\t\t\t\t\t\tdata-vbility=\"t,t,t,f\"\n\t\t\t\t\t\t\t\tdata-frame_999=\"o:0;st:w;\"\n\t\t\t\t\t\t\t\tstyle=\"z-index:5;background-color:rgba(0,0,0,0.5);\"\n\t\t\t\t\t\t\t><rs-bg-elem style=\"background: url('\/\/www.alfatecdigital.com.br\/wp-content\/uploads\/2023\/02\/slider-contato-main.jpg') no-repeat center center; background-size: cover;\"><\/rs-bg-elem>\n \n\t\t\t\t\t\t\t<\/rs-layer><!--\n\n\t\t\t\t\t\t\t--><rs-layer\n\t\t\t\t\t\t\t\tid=\"slider-3-slide-3-layer-1\" \n\t\t\t\t\t\t\t\tdata-type=\"shape\"\n\t\t\t\t\t\t\t\tdata-rsp_ch=\"on\"\n\t\t\t\t\t\t\t\tdata-xy=\"x:l,l,l,c;xo:50px,50px,50px,0;y:t,t,t,m;yo:50px,50px,50px,0;\"\n\t\t\t\t\t\t\t\tdata-text=\"w:normal;s:20,20,20,4;l:0,0,0,6;\"\n\t\t\t\t\t\t\t\tdata-dim=\"w:300px,300px,300px,100%;h:180px,180px,180px,100%;\"\n\t\t\t\t\t\t\t\tdata-vbility=\"f,f,f,t\"\n\t\t\t\t\t\t\t\tdata-frame_999=\"o:0;st:w;\"\n\t\t\t\t\t\t\t\tstyle=\"z-index:6;background-color:rgba(0,0,0,0.5);\"\n\t\t\t\t\t\t\t><rs-bg-elem style=\"background: url('\/\/www.alfatecdigital.com.br\/wp-content\/uploads\/2023\/02\/slider-contato.jpg') no-repeat center center; background-size: cover;\"><\/rs-bg-elem>\n \n\t\t\t\t\t\t\t<\/rs-layer><!--\n-->\t\t\t\t\t<\/rs-slide>\n\t\t\t\t\t<\/rs-slides>\n\t\t\t\t<\/rs-module>\n\t\t\t\t<script>\n\t\t\t\t\tsetREVStartSize({c: 'rev_slider_3_1',rl:[1240,1240,1240,500],el:[400,400,400,600],gw:[1920,1920,1920,500],gh:[400,400,400,300],type:'standard',justify:'',layout:'fullwidth',mh:\"0\"});if (window.RS_MODULES!==undefined && window.RS_MODULES.modules!==undefined && window.RS_MODULES.modules[\"revslider31\"]!==undefined) {window.RS_MODULES.modules[\"revslider31\"].once = false;window.revapi3 = undefined;if (window.RS_MODULES.checkMinimal!==undefined) window.RS_MODULES.checkMinimal()}\n\t\t\t\t<\/script>\n\t\t\t<\/rs-module-wrap>\n\t\t\t<!-- END REVOLUTION SLIDER -->\n<\/div>\n\n\t\t\t\t<\/div>\n\t\t\t\t<\/div>\n\t\t\t\t\t<\/div>\n\t\t<\/div>\n\t\t\t\t\t\t\t<\/div>\n\t\t<\/section>\n\t\t\t\t<section class=\"elementor-section elementor-top-section elementor-element elementor-element-2717742 elementor-section-boxed elementor-section-height-default elementor-section-height-default\" data-id=\"2717742\" data-element_type=\"section\">\n\t\t\t\t\t\t<div class=\"elementor-container elementor-column-gap-wide\">\n\t\t\t\t\t<div class=\"elementor-column elementor-col-50 elementor-top-column elementor-element elementor-element-7f666d8\" data-id=\"7f666d8\" data-element_type=\"column\">\n\t\t\t<div class=\"elementor-widget-wrap elementor-element-populated\">\n\t\t\t\t\t\t\t\t<div class=\"elementor-element elementor-element-d9b31a3 elementor-widget elementor-widget-heading\" data-id=\"d9b31a3\" data-element_type=\"widget\" data-widget_type=\"heading.default\">\n\t\t\t\t<div class=\"elementor-widget-container\">\n\t\t\t<style>\/*! elementor - v3.7.5 - 14-09-2022 *\/\n.elementor-heading-title{padding:0;margin:0;line-height:1}.elementor-widget-heading .elementor-heading-title[class*=elementor-size-]>a{color:inherit;font-size:inherit;line-height:inherit}.elementor-widget-heading .elementor-heading-title.elementor-size-small{font-size:15px}.elementor-widget-heading .elementor-heading-title.elementor-size-medium{font-size:19px}.elementor-widget-heading .elementor-heading-title.elementor-size-large{font-size:29px}.elementor-widget-heading .elementor-heading-title.elementor-size-xl{font-size:39px}.elementor-widget-heading .elementor-heading-title.elementor-size-xxl{font-size:59px}<\/style><h3 class=\"elementor-heading-title elementor-size-default\">ATENDIMENTO<\/h3>\t\t<\/div>\n\t\t\t\t<\/div>\n\t\t\t\t<div class=\"elementor-element elementor-element-b0a80d8 elementor-widget elementor-widget-text-editor\" data-id=\"b0a80d8\" data-element_type=\"widget\" data-widget_type=\"text-editor.default\">\n\t\t\t\t<div class=\"elementor-widget-container\">\n\t\t\t<style>\/*! elementor - v3.7.5 - 14-09-2022 *\/\n.elementor-widget-text-editor.elementor-drop-cap-view-stacked .elementor-drop-cap{background-color:#818a91;color:#fff}.elementor-widget-text-editor.elementor-drop-cap-view-framed .elementor-drop-cap{color:#818a91;border:3px solid;background-color:transparent}.elementor-widget-text-editor:not(.elementor-drop-cap-view-default) .elementor-drop-cap{margin-top:8px}.elementor-widget-text-editor:not(.elementor-drop-cap-view-default) .elementor-drop-cap-letter{width:1em;height:1em}.elementor-widget-text-editor .elementor-drop-cap{float:left;text-align:center;line-height:1;font-size:50px}.elementor-widget-text-editor .elementor-drop-cap-letter{display:inline-block}<\/style>\t\t\t\t<p>Utilize um de nossos canais de comunica\u00e7\u00e3o para tirar d\u00favidas ou solicitar uma cota\u00e7\u00e3o. Para um atendimento mais \u00e1gil, prefira nos contactar em hor\u00e1rio comercial: Segunda \u00e0 sexta, 8h \u00e0s 18h.<\/p><p>Prestamos um atendimento personalizado, de forma que nossos consultores ouvem e entendem sua demanda e buscam as solu\u00e7\u00f5es mais adequadas para dinamizar a comunica\u00e7\u00e3o dos seus neg\u00f3cios.<\/p>\t\t\t\t\t\t<\/div>\n\t\t\t\t<\/div>\n\t\t\t\t\t<\/div>\n\t\t<\/div>\n\t\t\t\t<div class=\"elementor-column elementor-col-50 elementor-top-column elementor-element elementor-element-ec70174\" data-id=\"ec70174\" data-element_type=\"column\">\n\t\t\t<div class=\"elementor-widget-wrap elementor-element-populated\">\n\t\t\t\t\t\t\t\t<div class=\"elementor-element elementor-element-af14555 elementor-widget elementor-widget-heading\" data-id=\"af14555\" data-element_type=\"widget\" data-widget_type=\"heading.default\">\n\t\t\t\t<div class=\"elementor-widget-container\">\n\t\t\t<h3 class=\"elementor-heading-title elementor-size-default\">CONTATO<\/h3>\t\t<\/div>\n\t\t\t\t<\/div>\n\t\t\t\t<div class=\"elementor-element elementor-element-86aedb6 elementor-widget elementor-widget-shortcode\" data-id=\"86aedb6\" data-element_type=\"widget\" data-widget_type=\"shortcode.default\">\n\t\t\t\t<div class=\"elementor-widget-container\">\n\t\t\t\t\t<div class=\"elementor-shortcode\">\n<div class=\"wpcf7 no-js\" id=\"wpcf7-f5-o1\" lang=\"pt-BR\" dir=\"ltr\" data-wpcf7-id=\"5\">\n<div class=\"screen-reader-response\"><p role=\"status\" aria-live=\"polite\" aria-atomic=\"true\"><\/p> <ul><\/ul><\/div>\n<form action=\"\/site\/wp-json\/wp\/v2\/pages\/12524#wpcf7-f5-o1\" method=\"post\" class=\"wpcf7-form init\" aria-label=\"Formul\u00e1rios de contato\" novalidate=\"novalidate\" data-status=\"init\">\n<fieldset class=\"hidden-fields-container\"><input type=\"hidden\" name=\"_wpcf7\" value=\"5\" \/><input type=\"hidden\" name=\"_wpcf7_version\" value=\"6.1.5\" \/><input type=\"hidden\" name=\"_wpcf7_locale\" value=\"pt_BR\" \/><input type=\"hidden\" name=\"_wpcf7_unit_tag\" value=\"wpcf7-f5-o1\" \/><input type=\"hidden\" name=\"_wpcf7_container_post\" value=\"0\" \/><input type=\"hidden\" name=\"_wpcf7_posted_data_hash\" value=\"\" \/>\n<\/fieldset>\n<div id=\"form-alfatec\">\n\t<p><label> Seu nome<br \/>\n<span class=\"wpcf7-form-control-wrap\" data-name=\"nome\"><input size=\"40\" maxlength=\"400\" class=\"wpcf7-form-control wpcf7-text wpcf7-validates-as-required\" autocomplete=\"name\" aria-required=\"true\" aria-invalid=\"false\" value=\"\" type=\"text\" name=\"nome\" \/><\/span> <\/label>\n\t<\/p>\n\t<p><label> Seu e-mail<br \/>\n<span class=\"wpcf7-form-control-wrap\" data-name=\"email\"><input size=\"40\" maxlength=\"400\" class=\"wpcf7-form-control wpcf7-email wpcf7-validates-as-required wpcf7-text wpcf7-validates-as-email\" autocomplete=\"email\" aria-required=\"true\" aria-invalid=\"false\" value=\"\" type=\"email\" name=\"email\" \/><\/span> <\/label>\n\t<\/p>\n\t<p><label> Telefone<br \/>\n<span class=\"wpcf7-form-control-wrap\" data-name=\"telefone\"><input size=\"40\" maxlength=\"400\" class=\"wpcf7-form-control wpcf7-tel wpcf7-validates-as-required wpcf7-text wpcf7-validates-as-tel\" aria-required=\"true\" aria-invalid=\"false\" value=\"\" type=\"tel\" name=\"telefone\" \/><\/span> <\/label>\n\t<\/p>\n\t<p><label> Sua mensagem (opcional)<br \/>\n<span class=\"wpcf7-form-control-wrap\" data-name=\"mensagem\"><textarea cols=\"40\" rows=\"10\" maxlength=\"2000\" class=\"wpcf7-form-control wpcf7-textarea\" aria-invalid=\"false\" name=\"mensagem\"><\/textarea><\/span> <\/label>\n\t<\/p>\n\t<p>[f12_captcha f12_captcha-681 captcha:math]\n\t<\/p>\n\t<p><input class=\"wpcf7-form-control wpcf7-submit has-spinner\" type=\"submit\" value=\"Enviar\" \/>\n\t<\/p>\n<\/div><p style=\"display: none !important;\" class=\"akismet-fields-container\" data-prefix=\"_wpcf7_ak_\"><label>&#916;<textarea name=\"_wpcf7_ak_hp_textarea\" cols=\"45\" rows=\"8\" maxlength=\"100\"><\/textarea><\/label><input type=\"hidden\" id=\"ak_js_1\" name=\"_wpcf7_ak_js\" value=\"197\"\/><script>document.getElementById( \"ak_js_1\" ).setAttribute( \"value\", ( new Date() ).getTime() );<\/script><\/p><div class=\"wpcf7-response-output\" aria-hidden=\"true\"><\/div>\n<\/form>\n<\/div>\n<\/div>\n\t\t\t\t<\/div>\n\t\t\t\t<\/div>\n\t\t\t\t\t<\/div>\n\t\t<\/div>\n\t\t\t\t\t\t\t<\/div>\n\t\t<\/section>\n\t\t\t\t<section class=\"elementor-section elementor-top-section elementor-element elementor-element-5a22893 elementor-section-boxed elementor-section-height-default elementor-section-height-default\" data-id=\"5a22893\" data-element_type=\"section\">\n\t\t\t\t\t\t<div class=\"elementor-container elementor-column-gap-default\">\n\t\t\t\t\t<div class=\"elementor-column elementor-col-33 elementor-top-column elementor-element elementor-element-1dd4722\" data-id=\"1dd4722\" data-element_type=\"column\">\n\t\t\t<div class=\"elementor-widget-wrap elementor-element-populated\">\n\t\t\t\t\t\t\t\t<div class=\"elementor-element elementor-element-aa4d8f4 elementor-widget elementor-widget-image\" data-id=\"aa4d8f4\" data-element_type=\"widget\" data-widget_type=\"image.default\">\n\t\t\t\t<div class=\"elementor-widget-container\">\n\t\t\t<style>\/*! elementor - v3.7.5 - 14-09-2022 *\/\n.elementor-widget-image{text-align:center}.elementor-widget-image a{display:inline-block}.elementor-widget-image a img[src$=\".svg\"]{width:48px}.elementor-widget-image img{vertical-align:middle;display:inline-block}<\/style>\t\t\t\t\t\t\t\t\t\t\t\t<img decoding=\"async\" src=\"https:\/\/www.alfatecdigital.com.br\/site\/wp-content\/uploads\/elementor\/thumbs\/call-qzk6v4j8vk3n69uq26j3epwfz8wpkfiflmy58hjl34.png\" title=\"call\" alt=\"call\" \/>\t\t\t\t\t\t\t\t\t\t\t\t\t\t\t<\/div>\n\t\t\t\t<\/div>\n\t\t\t\t<div class=\"elementor-element elementor-element-8b323e2 color-blue elementor-widget elementor-widget-heading\" data-id=\"8b323e2\" data-element_type=\"widget\" data-widget_type=\"heading.default\">\n\t\t\t\t<div class=\"elementor-widget-container\">\n\t\t\t<h4 class=\"elementor-heading-title elementor-size-default\">TELEFONE<\/h4>\t\t<\/div>\n\t\t\t\t<\/div>\n\t\t\t\t<div class=\"elementor-element elementor-element-9b16948 elementor-widget elementor-widget-text-editor\" data-id=\"9b16948\" data-element_type=\"widget\" data-widget_type=\"text-editor.default\">\n\t\t\t\t<div class=\"elementor-widget-container\">\n\t\t\t\t\t\t\t<p><a href=\"http:\/\/wa.me\/+5531936183425\"><span class=\"elementor-icon-list-text\">(31) 93618-3425<\/span><\/a><\/p>\t\t\t\t\t\t<\/div>\n\t\t\t\t<\/div>\n\t\t\t\t\t<\/div>\n\t\t<\/div>\n\t\t\t\t<div class=\"elementor-column elementor-col-33 elementor-top-column elementor-element elementor-element-a76a55d\" data-id=\"a76a55d\" data-element_type=\"column\">\n\t\t\t<div class=\"elementor-widget-wrap elementor-element-populated\">\n\t\t\t\t\t\t\t\t<div class=\"elementor-element elementor-element-75b119f elementor-widget elementor-widget-image\" data-id=\"75b119f\" data-element_type=\"widget\" data-widget_type=\"image.default\">\n\t\t\t\t<div class=\"elementor-widget-container\">\n\t\t\t\t\t\t\t\t\t\t\t\t\t\t\t<img decoding=\"async\" src=\"https:\/\/www.alfatecdigital.com.br\/site\/wp-content\/uploads\/elementor\/thumbs\/email-qzk6v4j8vk3n69uq26j3epwfz8wpkfiflmy58hjl34.png\" title=\"email\" alt=\"email\" \/>\t\t\t\t\t\t\t\t\t\t\t\t\t\t\t<\/div>\n\t\t\t\t<\/div>\n\t\t\t\t<div class=\"elementor-element elementor-element-6193b89 color-blue elementor-widget elementor-widget-heading\" data-id=\"6193b89\" data-element_type=\"widget\" data-widget_type=\"heading.default\">\n\t\t\t\t<div class=\"elementor-widget-container\">\n\t\t\t<h4 class=\"elementor-heading-title elementor-size-default\">E-MAIL<\/h4>\t\t<\/div>\n\t\t\t\t<\/div>\n\t\t\t\t<div class=\"elementor-element elementor-element-7ed9153 elementor-widget elementor-widget-text-editor\" data-id=\"7ed9153\" data-element_type=\"widget\" data-widget_type=\"text-editor.default\">\n\t\t\t\t<div class=\"elementor-widget-container\">\n\t\t\t\t\t\t\t<p><a href=\"mailto:comercial@alfatecdigital.com.br\">comercial@alfatecdigital.com.br<\/a><\/p>\t\t\t\t\t\t<\/div>\n\t\t\t\t<\/div>\n\t\t\t\t\t<\/div>\n\t\t<\/div>\n\t\t\t\t<div class=\"elementor-column elementor-col-33 elementor-top-column elementor-element elementor-element-cafeee8\" data-id=\"cafeee8\" data-element_type=\"column\">\n\t\t\t<div class=\"elementor-widget-wrap elementor-element-populated\">\n\t\t\t\t\t\t\t\t<div class=\"elementor-element elementor-element-cde6e60 elementor-widget elementor-widget-image\" data-id=\"cde6e60\" data-element_type=\"widget\" data-widget_type=\"image.default\">\n\t\t\t\t<div class=\"elementor-widget-container\">\n\t\t\t\t\t\t\t\t\t\t\t\t\t\t\t<img decoding=\"async\" src=\"https:\/\/www.alfatecdigital.com.br\/site\/wp-content\/uploads\/elementor\/thumbs\/wpp-qzk6v4j8vk3n69uq26j3epwfz8wpkfiflmy58hjl34.png\" title=\"wpp\" alt=\"wpp\" \/>\t\t\t\t\t\t\t\t\t\t\t\t\t\t\t<\/div>\n\t\t\t\t<\/div>\n\t\t\t\t<div class=\"elementor-element elementor-element-dce863b color-blue elementor-widget elementor-widget-heading\" data-id=\"dce863b\" data-element_type=\"widget\" data-widget_type=\"heading.default\">\n\t\t\t\t<div class=\"elementor-widget-container\">\n\t\t\t<h4 class=\"elementor-heading-title elementor-size-default\">WHATSAPP<\/h4>\t\t<\/div>\n\t\t\t\t<\/div>\n\t\t\t\t<div class=\"elementor-element elementor-element-31e9624 link-contato wp-popup elementor-widget elementor-widget-text-editor\" data-id=\"31e9624\" data-element_type=\"widget\" data-widget_type=\"text-editor.default\">\n\t\t\t\t<div class=\"elementor-widget-container\">\n\t\t\t\t\t\t\t<p><a href=\"http:\/\/wa.me\/+5531936183425\"><span class=\"elementor-icon-list-text\">(31) 93618-3425<\/span><\/a><\/p>\t\t\t\t\t\t<\/div>\n\t\t\t\t<\/div>\n\t\t\t\t\t<\/div>\n\t\t<\/div>\n\t\t\t\t\t\t\t<\/div>\n\t\t<\/section>\n\t\t\t\t\t\t\t<\/div>\n\t\t","protected":false},"excerpt":{"rendered":"<p>ATENDIMENTO Utilize um de nossos canais de comunica\u00e7\u00e3o para tirar d\u00favidas ou solicitar uma cota\u00e7\u00e3o. Para um atendimento mais \u00e1gil, prefira nos contactar em hor\u00e1rio comercial: Segunda \u00e0 sexta, 8h \u00e0s 18h. Prestamos um atendimento personalizado, de forma que nossos consultores ouvem e entendem sua demanda e buscam as solu\u00e7\u00f5es mais adequadas para dinamizar a comunica\u00e7\u00e3o dos seus neg\u00f3cios. CONTATO TELEFONE (31) 93618-3425 E-MAIL comercial@alfatecdigital.com.br WHATSAPP (31) 93618-3425<\/p>\n","protected":false},"author":1,"featured_media":0,"parent":0,"menu_order":0,"comment_status":"closed","ping_status":"closed","template":"","meta":{"footnotes":""},"class_list":["post-12524","page","type-page","status-publish"],"yoast_head":"<!-- This site is optimized with the Yoast SEO plugin v27.3 - https:\/\/yoast.com\/product\/yoast-seo-wordpress\/ -->\n<title>Contato - ALFATEC DIGITAL<\/title>\n<meta name=\"robots\" content=\"index, follow, max-snippet:-1, max-image-preview:large, max-video-preview:-1\" \/>\n<link rel=\"canonical\" href=\"https:\/\/www.alfatecdigital.com.br\/site\/contato\/\" \/>\n<meta property=\"og:locale\" content=\"pt_BR\" \/>\n<meta property=\"og:type\" content=\"article\" \/>\n<meta property=\"og:title\" content=\"Contato - ALFATEC DIGITAL\" \/>\n<meta property=\"og:description\" content=\"ATENDIMENTO Utilize um de nossos canais de comunica\u00e7\u00e3o para tirar d\u00favidas ou solicitar uma cota\u00e7\u00e3o. Para um atendimento mais \u00e1gil, prefira nos contactar em hor\u00e1rio comercial: Segunda \u00e0 sexta, 8h \u00e0s 18h. Prestamos um atendimento personalizado, de forma que nossos consultores ouvem e entendem sua demanda e buscam as solu\u00e7\u00f5es mais adequadas para dinamizar a comunica\u00e7\u00e3o dos seus neg\u00f3cios. CONTATO TELEFONE (31) 93618-3425 E-MAIL comercial@alfatecdigital.com.br WHATSAPP (31) 93618-3425\" \/>\n<meta property=\"og:url\" content=\"https:\/\/www.alfatecdigital.com.br\/site\/contato\/\" \/>\n<meta property=\"og:site_name\" content=\"ALFATEC DIGITAL\" \/>\n<meta property=\"article:modified_time\" content=\"2026-01-22T17:08:28+00:00\" \/>\n<meta property=\"og:image\" content=\"https:\/\/www.alfatecdigital.com.br\/site\/wp-content\/uploads\/elementor\/thumbs\/call-qzk6v4j8vk3n69uq26j3epwfz8wpkfiflmy58hjl34.png\" \/>\n<meta name=\"twitter:card\" content=\"summary_large_image\" \/>\n<meta name=\"twitter:label1\" content=\"Est. tempo de leitura\" \/>\n\t<meta name=\"twitter:data1\" content=\"1 minuto\" \/>\n<script type=\"application\/ld+json\" class=\"yoast-schema-graph\">{\"@context\":\"https:\\\/\\\/schema.org\",\"@graph\":[{\"@type\":\"WebPage\",\"@id\":\"https:\\\/\\\/www.alfatecdigital.com.br\\\/site\\\/contato\\\/\",\"url\":\"https:\\\/\\\/www.alfatecdigital.com.br\\\/site\\\/contato\\\/\",\"name\":\"Contato - ALFATEC DIGITAL\",\"isPartOf\":{\"@id\":\"https:\\\/\\\/www.alfatecdigital.com.br\\\/site\\\/#website\"},\"primaryImageOfPage\":{\"@id\":\"https:\\\/\\\/www.alfatecdigital.com.br\\\/site\\\/contato\\\/#primaryimage\"},\"image\":{\"@id\":\"https:\\\/\\\/www.alfatecdigital.com.br\\\/site\\\/contato\\\/#primaryimage\"},\"thumbnailUrl\":\"https:\\\/\\\/www.alfatecdigital.com.br\\\/site\\\/wp-content\\\/uploads\\\/elementor\\\/thumbs\\\/call-qzk6v4j8vk3n69uq26j3epwfz8wpkfiflmy58hjl34.png\",\"datePublished\":\"2023-01-07T18:50:26+00:00\",\"dateModified\":\"2026-01-22T17:08:28+00:00\",\"breadcrumb\":{\"@id\":\"https:\\\/\\\/www.alfatecdigital.com.br\\\/site\\\/contato\\\/#breadcrumb\"},\"inLanguage\":\"pt-BR\",\"potentialAction\":[{\"@type\":\"ReadAction\",\"target\":[\"https:\\\/\\\/www.alfatecdigital.com.br\\\/site\\\/contato\\\/\"]}]},{\"@type\":\"ImageObject\",\"inLanguage\":\"pt-BR\",\"@id\":\"https:\\\/\\\/www.alfatecdigital.com.br\\\/site\\\/contato\\\/#primaryimage\",\"url\":\"https:\\\/\\\/www.alfatecdigital.com.br\\\/site\\\/wp-content\\\/uploads\\\/elementor\\\/thumbs\\\/call-qzk6v4j8vk3n69uq26j3epwfz8wpkfiflmy58hjl34.png\",\"contentUrl\":\"https:\\\/\\\/www.alfatecdigital.com.br\\\/site\\\/wp-content\\\/uploads\\\/elementor\\\/thumbs\\\/call-qzk6v4j8vk3n69uq26j3epwfz8wpkfiflmy58hjl34.png\"},{\"@type\":\"BreadcrumbList\",\"@id\":\"https:\\\/\\\/www.alfatecdigital.com.br\\\/site\\\/contato\\\/#breadcrumb\",\"itemListElement\":[{\"@type\":\"ListItem\",\"position\":1,\"name\":\"In\u00edcio\",\"item\":\"https:\\\/\\\/www.alfatecdigital.com.br\\\/site\\\/\"},{\"@type\":\"ListItem\",\"position\":2,\"name\":\"Contato\"}]},{\"@type\":\"WebSite\",\"@id\":\"https:\\\/\\\/www.alfatecdigital.com.br\\\/site\\\/#website\",\"url\":\"https:\\\/\\\/www.alfatecdigital.com.br\\\/site\\\/\",\"name\":\"ALFATEC DIGITAL\",\"description\":\"Solu\u00e7\u00f5es digitais sob medida\",\"potentialAction\":[{\"@type\":\"SearchAction\",\"target\":{\"@type\":\"EntryPoint\",\"urlTemplate\":\"https:\\\/\\\/www.alfatecdigital.com.br\\\/site\\\/?s={search_term_string}\"},\"query-input\":{\"@type\":\"PropertyValueSpecification\",\"valueRequired\":true,\"valueName\":\"search_term_string\"}}],\"inLanguage\":\"pt-BR\"}]}<\/script>\n<!-- \/ Yoast SEO plugin. -->","yoast_head_json":{"title":"Contato - ALFATEC DIGITAL","robots":{"index":"index","follow":"follow","max-snippet":"max-snippet:-1","max-image-preview":"max-image-preview:large","max-video-preview":"max-video-preview:-1"},"canonical":"https:\/\/www.alfatecdigital.com.br\/site\/contato\/","og_locale":"pt_BR","og_type":"article","og_title":"Contato - ALFATEC DIGITAL","og_description":"ATENDIMENTO Utilize um de nossos canais de comunica\u00e7\u00e3o para tirar d\u00favidas ou solicitar uma cota\u00e7\u00e3o. Para um atendimento mais \u00e1gil, prefira nos contactar em hor\u00e1rio comercial: Segunda \u00e0 sexta, 8h \u00e0s 18h. Prestamos um atendimento personalizado, de forma que nossos consultores ouvem e entendem sua demanda e buscam as solu\u00e7\u00f5es mais adequadas para dinamizar a comunica\u00e7\u00e3o dos seus neg\u00f3cios. CONTATO TELEFONE (31) 93618-3425 E-MAIL comercial@alfatecdigital.com.br WHATSAPP (31) 93618-3425","og_url":"https:\/\/www.alfatecdigital.com.br\/site\/contato\/","og_site_name":"ALFATEC DIGITAL","article_modified_time":"2026-01-22T17:08:28+00:00","og_image":[{"url":"https:\/\/www.alfatecdigital.com.br\/site\/wp-content\/uploads\/elementor\/thumbs\/call-qzk6v4j8vk3n69uq26j3epwfz8wpkfiflmy58hjl34.png","type":"","width":"","height":""}],"twitter_card":"summary_large_image","twitter_misc":{"Est. tempo de leitura":"1 minuto"},"schema":{"@context":"https:\/\/schema.org","@graph":[{"@type":"WebPage","@id":"https:\/\/www.alfatecdigital.com.br\/site\/contato\/","url":"https:\/\/www.alfatecdigital.com.br\/site\/contato\/","name":"Contato - ALFATEC DIGITAL","isPartOf":{"@id":"https:\/\/www.alfatecdigital.com.br\/site\/#website"},"primaryImageOfPage":{"@id":"https:\/\/www.alfatecdigital.com.br\/site\/contato\/#primaryimage"},"image":{"@id":"https:\/\/www.alfatecdigital.com.br\/site\/contato\/#primaryimage"},"thumbnailUrl":"https:\/\/www.alfatecdigital.com.br\/site\/wp-content\/uploads\/elementor\/thumbs\/call-qzk6v4j8vk3n69uq26j3epwfz8wpkfiflmy58hjl34.png","datePublished":"2023-01-07T18:50:26+00:00","dateModified":"2026-01-22T17:08:28+00:00","breadcrumb":{"@id":"https:\/\/www.alfatecdigital.com.br\/site\/contato\/#breadcrumb"},"inLanguage":"pt-BR","potentialAction":[{"@type":"ReadAction","target":["https:\/\/www.alfatecdigital.com.br\/site\/contato\/"]}]},{"@type":"ImageObject","inLanguage":"pt-BR","@id":"https:\/\/www.alfatecdigital.com.br\/site\/contato\/#primaryimage","url":"https:\/\/www.alfatecdigital.com.br\/site\/wp-content\/uploads\/elementor\/thumbs\/call-qzk6v4j8vk3n69uq26j3epwfz8wpkfiflmy58hjl34.png","contentUrl":"https:\/\/www.alfatecdigital.com.br\/site\/wp-content\/uploads\/elementor\/thumbs\/call-qzk6v4j8vk3n69uq26j3epwfz8wpkfiflmy58hjl34.png"},{"@type":"BreadcrumbList","@id":"https:\/\/www.alfatecdigital.com.br\/site\/contato\/#breadcrumb","itemListElement":[{"@type":"ListItem","position":1,"name":"In\u00edcio","item":"https:\/\/www.alfatecdigital.com.br\/site\/"},{"@type":"ListItem","position":2,"name":"Contato"}]},{"@type":"WebSite","@id":"https:\/\/www.alfatecdigital.com.br\/site\/#website","url":"https:\/\/www.alfatecdigital.com.br\/site\/","name":"ALFATEC DIGITAL","description":"Solu\u00e7\u00f5es digitais sob medida","potentialAction":[{"@type":"SearchAction","target":{"@type":"EntryPoint","urlTemplate":"https:\/\/www.alfatecdigital.com.br\/site\/?s={search_term_string}"},"query-input":{"@type":"PropertyValueSpecification","valueRequired":true,"valueName":"search_term_string"}}],"inLanguage":"pt-BR"}]}},"_links":{"self":[{"href":"https:\/\/www.alfatecdigital.com.br\/site\/wp-json\/wp\/v2\/pages\/12524","targetHints":{"allow":["GET"]}}],"collection":[{"href":"https:\/\/www.alfatecdigital.com.br\/site\/wp-json\/wp\/v2\/pages"}],"about":[{"href":"https:\/\/www.alfatecdigital.com.br\/site\/wp-json\/wp\/v2\/types\/page"}],"author":[{"embeddable":true,"href":"https:\/\/www.alfatecdigital.com.br\/site\/wp-json\/wp\/v2\/users\/1"}],"replies":[{"embeddable":true,"href":"https:\/\/www.alfatecdigital.com.br\/site\/wp-json\/wp\/v2\/comments?post=12524"}],"version-history":[{"count":0,"href":"https:\/\/www.alfatecdigital.com.br\/site\/wp-json\/wp\/v2\/pages\/12524\/revisions"}],"wp:attachment":[{"href":"https:\/\/www.alfatecdigital.com.br\/site\/wp-json\/wp\/v2\/media?parent=12524"}],"curies":[{"name":"wp","href":"https:\/\/api.w.org\/{rel}","templated":true}]}}